92029?
0
What is the ten thousands digit of 673606?
7
What is the hundred thousands digit of 4055454?
0
What is the thousands digit of 2768413?
8
What is the hundreds digit of 3869335?
3
What is the tens digit of 85293?
9
What is the ten thousands digit of 224869?
2
What is the thousands digit of 1490635?
0
What is the millions digit of 2024915?
2
What is the units digit of 7141303?
3
What is the thousands digit of 1304025?
4
What is the millions digit of 1914864?
1
What is the hundreds digit of 2992132?
1
What is the hundred thousands digit of 840706?
8
What is the hundreds digit of 2154005?
0
What is the hundred thousands digit of 3023576?
0
What is the hundred thousands digit of 218567?
2
What is the units digit of 1807563?
3
What is the hundreds digit of 628055?
0
What is the ten millions digit of 16162886?
1
What is the hundreds digit of 26257?
2
What is the ten thousands digit of 173125?
7
What is the thousands digit of 149514?
9
What is the tens digit of 14269?
6
What is the hundreds digit of 66752?
7
What is the units digit of 2689047?
7
What is the units digit of 3493849?
9
What is the ten thousands digit of 5548062?
4
What is the units digit of 4666035?
5
What is the units digit of 2783896?
6
What is the ten thousands digit of 1791798?
9
What is the millions digit of 19869249?
9
What is the units digit of 945546?
6
What is the tens digit of 196421?
2
What is the units digit of 117610?
0
What is the millions digit of 6045445?
6
What is the hundreds digit of 47112?
1
What is the thousands digit of 16231272?
1
What is the hundred thousands digit of 586888?
5
What is the hundreds digit of 1345119?
1
What is the ten thousands digit of 1901449?
0
What is the hundred thousands digit of 3408093?
4
What is the hundred thousands digit of 307623?
3
What is the ten thousands digit of 327073?
2
What is the units digit of 74569?
9
What is the hundred thousands digit of 235582?
2
What is the thousands digit of 130785?
0
What is the tens digit of 11017385?
8
What is the hundred thousands digit of 1772821?
7
What is the thousands digit of 19422816?
2
What is the hundreds digit of 187512?
5
What is the units digit of 2622735?
5
What is the hundred thousands digit of 184659?
1
What is the tens digit of 1357508?
0
What is the hundreds digit of 5265777?
7
What is the hundred thousands digit of 1566826?
5
What is the hundreds digit of 833620?
6
What is the units digit of 641394?
4
What is the hundred thousands digit of 382490?
3
What is the hundreds digit of 7192829?
8
What is the ten thousands digit of 1097078?
9
What is the thousands digit of 786887?
6
What is the thousands digit of 11696816?
6
What is the ten thousands digit of 2123384?
2
What is the thousands digit of 1338486?
8
What is the ten thousands digit of 2267946?
6
What is the tens digit of 5213949?
4
What is the thousands digit of 36076?
6
What is the units digit of 372688?
8
What is the units digit of 4292954?
4
What is the units digit of 1683866?
6
What is the thousands digit of 38997395?
7
What is the units digit of 11385215?
5
What is the thousands digit of 2022678?
2
What is the hundred thousands digit of 1719660?
7
What is the millions digit of 9544475?
9
What is the tens digit of 595121?
2
What is the hundred thousands digit of 5985221?
9
What is the hundreds digit of 2381903?
9
What is the units digit of 15677333?
3
What is the hundreds digit of 380728?
7
What is the tens digit of 129336?
3
What is the tens digit of 2069987?
8
What is the ten thousands digit of 1256762?
5
What is the ten thousands digit of 30440620?
4
What is the hundreds digit of 393526?
5
What is the units digit of 12926941?
1
What is the hundreds digit of 2272989?
9
What is the hundreds digit of 279500?
5
What is the tens digit of 386174?
7
What is the hundred thousands digit of 1691666?
6
What is the thousands digit of 361096?
1
What is the units digit of 25494542?
2
What is the hundreds digit of 2231305?
3
What is the hundreds digit of 281346?
3
What is the units digit of 272693?
3
What is the millions digit of 8224834?
8
What is the hundred thousands digit of 14822313?
8
What is the hundreds digit of 514967?
9
What is the ten thousands digit of 8484959?
8
What is the units digit of 3117997?
7
What is the ten thousands digit of 173496?
7
What is the units digit of 29005756?
6
What is the units digit of 109529?
9
What is the units digit of 482562?
2
What is the units digit of 911215?
5
What is the hundreds digit of 10767039?
0
What is the thousands digit of 657244?
7
What is the millions digit of 15587903?
5
What is the ten thousands digit of 1525476?
2
What is the thousands digit of 5642477?
2
What is the tens digit of 548762?
6
What is the ten thousands digit of 601957?
0
What is the hundred thousands digit of 6553416?
5
What is the hundreds digit of 539983?
9
What is the ten thousands digit of 13639563?
3
What is the tens digit of 3053969?
6
What is the hundreds digit of 164660?
6
What is the hundred thousands digit of 1396160?
3
What is the millions digit of 5443344?
5
What is the units digit of 1156501?
1
What is the millions digit of 35848658?
5
What is the units digit of 385556?
6
What is the ten thousands digit of 445783?
4
What is the millions digit of 2548368?
2
What is the thousands digit of 1640530?
0
What is the hundreds digit of 160888?
8
What is the hundred thousands digit of 611541?
6
What is the millions digit of 8421232?
8
What is the hundreds digit of 220380?
3
What is the hundred thousands digit of 4316773?
3
What is the tens digit of 218837?
3
What is the tens digit of 3918353?
5
What is the tens digit of 3816626?
2
What is the hundreds digit of 118655?
6
What is the units digit of 301349?
9
What is the hundreds digit of 518070?
0
What is the hundreds digit of 28448528?
5
What is the thousands digit of 1025834?
5
What is the millions digit of 4138761?
4
What is the thousands digit of 3796110?
6
What is the hundred thousands digit of 1232636?
2
What is the tens digit of 851917?
1
What is the hundred thousands digit of 5667729?
6
What is the tens digit of 304860?
6
What is the hundreds digit of 75620?
6
What is the hundred thousands digit of 2611576?
6
What is the hundreds digit of 106234?
2
What is the millions digit of 2170807?
2
What is the thousands digit of 1480192?
0
What is the ten millions digit of 10036005?
1
What is the units digit of 468059?
9
What is the hundreds digit of 686312?
3
What is the hundreds digit of 2504378?
3
What is the hundreds digit of 630?
6
What is the tens digit of 2026144?
4
What is the tens digit of 461571?
7
What is the hundred thousands digit of 1545634?
5
What is the thousands digit of 20858?
0
What is the hundreds digit of 581224?
2
What is the hundred thousands digit of 2882331?
8
What is the tens digit of 2049051?
5
What is the units digit of 756397?
7
What is the hundred thousands digit of 636051?
6
What is the thousands digit of 217775?
7
What is the ten thousands digit of 339787?
3
What is the ten millions digit of 11136384?
1
What is the tens digit of 453325?
2
What is the units digit of 82135?
5
What is the hundred thousands digit of 15508512?
5
What is the millions digit of 5033581?
5
What is the units digit of 1145747?
7
What is the units digit of 192154?
4
What is the tens digit of 3581688?
8
What is the hundreds digit of 4748997?
9
What is the hundred thousands digit of 482355?
4
What is the tens digit of 2149991?
9
What is the thousands digit of 2002018?
2
What is the hundred thousands digit of 12479406?
4
What is the hundred thousands digit of 1435014?
4
What is the millions digit of 1452541?
1
What is the millions digit of 1841859?
1
What is the tens digit of 3527951?
5
What is the tens digit of 1210426?
2
What is the tens digit of 4521594?
9
What is the tens digit of 233668?
6
What is the units digit of 118885?
5
What is the ten thousands digit of 812088?
1
What is the tens digit of 478138?
3
What is the thousands digit of 165523?
5
What is the hundreds digit of 2915442?
4
What is the hundreds digit of 30356?
3
What is the ten thousands digit of 20205?
2
What is the thousands digit of 40646?
0
What is the tens digit of 5287340?
4
What is the units digit of 163073?
3
What is the ten thousands digit of 19024625?
2
What is the ten millions d